
True
Is 1180166880 a multiple of 40?
True
Is 204 a factor of 4489461?
False
Is 95996495 a multiple of 7?
True
Does 1216 divide 240114894?
False
Is 291 a factor of 442305749?
False
Does 65 divide 366279536?
False
Is 20 a factor of 59179595?
False
Is 555 a factor of 1022773616?
False
Is 33256165 a multiple of 63?
False
Is 506900597 a multiple of 41?
False
Is 164 a factor of 1672373289?
False
Does 35 divide 69333495?
True
Does 525 divide 117874575?
True
Does 5446 divide 3147722648?
True
Is 11 a factor of 6638529?
False
Is 147769095 a multiple of 465?
True
Is 1286824372 a multiple of 428?
True
Is 110 a factor of 1349916900?
False
Is 55 a factor of 13766665?
True
Does 26 divide 27564259?
False
Is 13 a factor of 1856304735?
False
Is 73964357 a multiple of 89?
False
Is 321 a factor of 16402779?
True
Is 19708650 a multiple of 351?
True
Is 284615000 a multiple of 50?
True
Does 2410 divide 582236720?
True
Is 2723 a factor of 70271459?
False
Is 1813738 a multiple of 19?
False
Is 1938 a factor of 258823776?
True
Is 96301260 a multiple of 17?
True
Does 83 divide 187044791?
False
Is 7 a factor of 88604747?
True
Is 646197092 a multiple of 5?
False
Is 571910105 a multiple of 5?
True
Is 175 a factor of 376245971?
False
Does 184 divide 139408152?
True
Does 5549 divide 385450187?
True
Does 730 divide 47739810?
True
Is 5125110 a multiple of 116?
False
Is 47 a factor of 2518938?
False
Does 22 divide 12322068?
True
Is 391861878 a multiple of 9?
False
Is 369493486 a multiple of 823?
False
Is 1920 a factor of 85205309?
False
Is 257619218 a multiple of 83?
True
Does 2431 divide 187364463?
True
Does 137 divide 113800018?
False
Is 1450 a factor of 58880150?
True
Is 44 a factor of 484547?
False
Does 34 divide 545676474?
False
Does 1872 divide 3075368400?
True
Is 18585507 a multiple of 10?
False
Is 2 a factor of 30750477?
False
Is 75552288 a multiple of 16?
True
Is 24 a factor of 10188039?
False
Is 405093576 a multiple of 12?
True
Is 1868346 a multiple of 3?
True
Is 1304122 a multiple of 19?
True
Is 2014 a factor of 747600828?
True
Is 375236 a multiple of 39?
False
Is 9 a factor of 105928191?
True
Does 25 divide 2398992150?
True
Is 345 a factor of 28718145?
True
Does 74 divide 30520668?
False
Is 2659 a factor of 906973042?
False
Does 269 divide 10119649?
False
Does 164 divide 17663804?
False
Is 3 a factor of 907524533?
False
Does 182 divide 239184839?
False
Is 232 a factor of 140127406?
False
Is 32 a factor of 80909152?
True
Does 730 divide 7154414?
False
Does 2291 divide 86989270?
True
Is 188 a factor of 3179410692?
True
Is 998 a factor of 408571220?
True
Does 228 divide 162466872?
True
Is 18 a factor of 62700948?
True
Does 2 divide 26893861?
False
Does 14 divide 9414950?
False
Is 715715085 a multiple of 5747?
False
Is 12 a factor of 551095181?
False
Does 129 divide 122793294?
True
Does 1153 divide 15174011?
False
Is 245 a factor of 46077236?
False
Does 27 divide 3166419?
False
Is 99520620 a multiple of 4?
True
Is 92903106 a multiple of 39?
False
Is 51042840 a multiple of 255?
True
Is 308789135 a multiple of 26?
False
Does 100 divide 1831200?
True
Is 135 a factor of 61142303?
False
Does 7072 divide 789015968?
True
Is 908 a factor of 2320072568?
True
Does 771 divide 39399642?
True
Does 250 divide 398213490?
False
Is 97 a factor of 2029161818?
True
Is 3946 a factor of 55835883?
False
Is 15480988 a multiple of 402?
False
Is 1016194576 a multiple of 8?
True
Is 29470122 a multiple of 54?
True
Is 11 a factor of 19284705?
True
Does 43 divide 135890019?
True
Is 5314 a factor of 3271043328?
True
Is 30367002 a multiple of 174?
True
Is 27 a factor of 314967849?
False
Does 30 divide 349589520?
True
Is 5 a factor of 1100581505?
True
Does 5 divide 77279515?
True
Is 1036936465 a multiple of 9?
False
Is 20 a factor of 65980?
True
Does 5 divide 108483940?
True
Is 2405 a factor of 191102472?
False
Is 666 a factor of 4144518?
True
Does 531 divide 361900395?
True
Is 461021 a multiple of 938?
False
Does 121 divide 50889837?
False
Does 433 divide 31161007?
False
Is 10606 a factor of 2533394179?
False
Does 1373 divide 1327929?
False
Is 2454858600 a multiple of 820?
True
Is 83357436 a multiple of 906?
True
Is 145 a factor of 14425803?
False
Is 270 a factor of 14295311?
False
Is 63458017 a multiple of 1304?
False
Is 8 a factor of 10623040?
True
Does 2132 divide 70500976?
True
Does 2185 divide 6706032?
False
Does 164 divide 32522751?
False
Is 39258654 a multiple of 23?
True
Is 50197027 a multiple of 17?
False
Does 49 divide 330230992?
True
Is 15 a factor of 2526543?
False
Is 132 a factor of 27939912?
True
Is 52639916 a multiple of 238?
False
Is 2875797 a multiple of 2?
False
Does 2470 divide 142694370?
True
Is 27762683 a multiple of 108?
False
Is 337414530 a multiple of 11735?
False
Does 1298 divide 409661023?
False
Is 1691916533 a multiple of 43?
False
Is 31 a factor of 5557215?
True
Is 1011191400 a multiple of 1368?
True
Is 384212511 a multiple of 20?
False
Is 390960375 a multiple of 2985?
True
Does 30 divide 135216780?
True
Is 26312306 a multiple of 355?
False
Is 1086109378 a multiple of 187?
False
Is 17046225 a multiple of 75?
True
Is 450 a factor of 40701988?
False
Does 5 divide 259555969?
False
Does 15 divide 76724355?
True
Is 133 a factor of 7736379?
False
Is 441 a factor of 648801866?
False
Is 374 a factor of 10937768?
False
Does 2424 divide 1108707393?
False
Is 440694253 a multiple of 3912?
False
Does 122 divide 12341658?
False
Does 6 divide 198525786?
True
Is 178150609 a multiple of 125?
False
Is 230713898 a multiple of 27?
False
Does 41 divide 342512741?
False
Is 242190 a multiple of 207?
True
Is 14693238 a multiple of 2646?
True
Is 1922913919 a multiple of 239?
False
Does 193 divide 955605?
False
Is 34316848 a multiple of 27?
False
Does 741 divide 17233437?
True
Is 7 a factor of 1328878236?
True
Is 814 a factor of 122611657?
False
Is 17850588 a multiple of 4?
True
Is 9 a factor of 1895306338?
False
Is 2208 a factor of 946591247?
False
Does 438 divide 1080638736?
False
Is 277913600 a multiple of 736?
True
Does 117 divide 4593904070?
False
Does 126 divide 192535578?
False
Is 1217 a factor of 221901695?
True
Does 473 divide 9959015?
True
Does 47 divide 1033949341?
False
Is 57367716 a multiple of 1491?
True
Does 952 divide 7169512?
True
Does 83 divide 1342935414?
False
Is 47 a factor of 904306837?
True
Is 490188203 a multiple of 50?
False
Is 183649940 a multiple of 10?
True
Is 840304725 a multiple of 725?
True
Is 2980759 a multiple of 3?
False
Does 3210 divide 890425110?
True
Is 3010711181 a multiple of 61?
True
Is 18 a factor of 295526358?
True
Is 50398978 a multiple of 56?
False
Does 135 divide 130147560?
True
Does 15 divide 802594400?
False
Does 136 divide 450365768?
True
Is 1291 a factor of 29436031?
False
Is 3415 a factor of 92935589?
False
Is 12899236 a multiple of 1036?
True
Is 4297939532 a multiple of 2730?
False
Is 191233185 a multiple of 41?
False
Is 2019 a factor of 50053029?
True
Is 2248236144 a multiple of 168?
True
Does 14 divide 4264026?
False
Is 1939 a factor of 3946758?
False
Is 465 a factor of 72637650?
True
Is 6 a factor of 110250?
True
Is 569 a factor of 326701592?
True
Is 142 a factor of 189174104?
True
Does 80 divide 1690383600?
True
Does 763 divide 84755566?
True
Is 556 a factor of 1415225470?
False
Does 372 divide 312446892?
True
Is 66 a factor of 1727333322?
True
Does 2946 divide 1251764238?
True
Is 69010009 a multiple of 7430?
False
Is 189498476 a multiple of 15?
False
Is 84446466 a multiple of 1420?
False
Is 1252 a factor of 184742771?
False
Does 1215 divide 30450874?
False
Does 410 divide 3487050?
True
Does 36 divide 63391140?
True
Does 144 divide 308599344?
True
Is 46 a factor of 736349362?
False
Is 1355901501 a multiple of 7493?
False
Is 3587 a factor of 537214229?
True
Is 525761787 a multiple of 101?
False
Is 19199823 a multiple of 384?
False
Does 30 divide 161816760?
True
Is 14 a factor of 897455?
False
Is 12081996 a multiple of 9?
True
Does 656 divide 94487214?
False
Does 74 divide 4722381?
False
Does 6 divide 447115916?
False
Does 2 divide 1159685?
False
Is 89 a factor of 58678637?
False
Is 46 a factor of 15662931?
False
Is 1210 a factor of 24759211?
False
Is 22579423 a multiple of 57?
False
Is 107220161 a multiple of 73?
False
Is 319635550 a multip